of 3847.
3847
What are the prime factors of 118991?
257, 463
What are the prime factors of 7312?
2, 457
List the prime factors of 80562.
2, 3, 29, 463
What are the prime factors of 92587?
11, 19, 443
What are the prime factors of 100435?
5, 53, 379
What are the prime factors of 1626?
2, 3, 271
List the prime factors of 3636.
2, 3, 101
What are the prime factors of 299?
13, 23
What are the prime factors of 9773?
29, 337
What are the prime factors of 7604?
2, 1901
List the prime factors of 14243.
14243
What are the prime factors of 650?
2, 5, 13
What are the prime factors of 83517?
3, 7, 41, 97
List the prime factors of 33428.
2, 61, 137
List the prime factors of 581.
7, 83
What are the prime factors of 70806?
2, 3, 11801
List the prime factors of 1981.
7, 283
List the prime factors of 14547.
3, 13, 373
List the prime factors of 9405.
3, 5, 11, 19
List the prime factors of 391.
17, 23
What are the prime factors of 183227?
11, 16657
What are the prime factors of 38981?
17, 2293
What are the prime factors of 2838?
2, 3, 11, 43
What are the prime factors of 12475?
5, 499
List the prime factors of 21994.
2, 7, 1571
What are the prime factors of 2442?
2, 3, 11, 37
What are the prime factors of 19549?
113, 173
What are the prime factors of 27426?
2, 3, 7, 653
What are the prime factors of 6991?
6991
What are the prime factors of 4608?
2, 3
List the prime factors of 6237.
3, 7, 11
What are the prime factors of 141?
3, 47
List the prime factors of 3855.
3, 5, 257
List the prime factors of 1106.
2, 7, 79
List the prime factors of 12810.
2, 3, 5, 7, 61
What are the prime factors of 1082?
2, 541
What are the prime factors of 5798?
2, 13, 223
List the prime factors of 40730.
2, 5, 4073
What are the prime factors of 1685?
5, 337
What are the prime factors of 99869?
7, 11, 1297
What are the prime factors of 1667?
1667
What are the prime factors of 948?
2, 3, 79
What are the prime factors of 1280?
2, 5
What are the prime factors of 18555?
3, 5, 1237
List the prime factors of 9419.
9419
What are the prime factors of 427?
7, 61
What are the prime factors of 371?
7, 53
List the prime factors of 3715.
5, 743
List the prime factors of 18468.
2, 3, 19
List the prime factors of 59492.
2, 107, 139
What are the prime factors of 39328?
2, 1229
What are the prime factors of 736?
2, 23
List the prime factors of 915.
3, 5, 61
What are the prime factors of 4959?
3, 19, 29
What are the prime factors of 2073?
3, 691
What are the prime factors of 44155?
5, 8831
What are the prime factors of 5238?
2, 3, 97
List the prime factors of 33036.
2, 3, 2753
List the prime factors of 46297.
67, 691
List the prime factors of 40.
2, 5
What are the prime factors of 2785?
5, 557
List the prime factors of 7349.
7349
What are the prime factors of 21274?
2, 11, 967
List the prime factors of 368.
2, 23
List the prime factors of 245.
5, 7
List the prime factors of 4004.
2, 7, 11, 13
What are the prime factors of 73333?
13, 5641
List the prime factors of 16416.
2, 3, 19
What are the prime factors of 854?
2, 7, 61
List the prime factors of 18104.
2, 31, 73
List the prime factors of 16953.
3, 5651
List the prime factors of 1648.
2, 103
List the prime factors of 85626.
2, 3, 67, 71
What are the prime factors of 2757?
3, 919
List the prime factors of 3005.
5, 601
List the prime factors of 24483.
3, 8161
What are the prime factors of 93698?
2, 11, 4259
What are the prime factors of 5643?
3, 11, 19
What are the prime factors of 4859?
43, 113
List the prime factors of 46539.
3, 5171
List the prime factors of 20.
2, 5
What are the prime factors of 7109?
7109
What are the prime factors of 38571?
3, 13, 23, 43
List the prime factors of 83.
83
What are the prime factors of 781?
11, 71
What are the prime factors of 16729?
16729
What are the prime factors of 8456?
2, 7, 151
List the prime factors of 22975.
5, 919
What are the prime factors of 6506?
2, 3253
What are the prime factors of 1378?
2, 13, 53
List the prime factors of 2286.
2, 3, 127
List the prime factors of 20618.
2, 13, 61
List the prime factors of 92108.
2, 23027
List the prime factors of 964.
2, 241
List the prime factors of 17419.
17419
What are the prime factors of 3964?
2, 991
List the prime factors of 11979.
3, 11
List the prime factors of 29415.
3, 5, 37, 53
List the prime factors of 1785.
3, 5, 7, 17
List the prime factors of 756.
2, 3, 7
What are the prime factors of 12008?
2, 19, 79
List the prime factors of 874.
2, 19, 23
List the prime factors of 23611.
7, 3373
What are the prime factors of 110368?
2, 3449
What are the prime factors of 1558?
2, 19, 41
List the prime factors of 981.
3, 109
List the prime factors of 1322.
2, 661
List the prime factors of 523.
523
List the prime factors of 8946.
2, 3, 7, 71
List the prime factors of 6018.
2, 3, 17, 59
List the prime factors of 15184.
2, 13, 73
List the prime factors of 37232.
2, 13, 179
What are the prime factors of 791?
7, 113
List the prime factors of 3170.
2, 5, 317
List the prime factors of 682.
2, 11, 31
What are the prime factors of 129411?
3, 4793
What are the prime factors of 21?
3, 7
What are the prime factors of 70103?
11, 6373
What are the prime factors of 1868?
2, 467
List the prime factors of 1126.
2, 563
What are the prime factors of 2799?
3, 311
List the prime factors of 2103.
3, 701
List the prime factors of 1297.
1297
What are the prime factors of 4510?
2, 5, 11, 41
List the prime factors of 5618.
2, 53
List the prime factors of 9573.
3, 3191
What are the prime factors of 1229?
1229
List the prime factors of 36944.
2, 2309
List the prime factors of 172107.
3, 13, 1471
What are the prime factors of 72?
2, 3
List the prime factors of 19213.
19213
List the prime factors of 12427.
17, 43
List the prime factors of 13937.
7, 11, 181
What are the prime factors of 68?
2, 17
What are the prime factors of 1999?
1999
What are the prime factors of 309?
3, 103
What are the prime factors of 5219?
17, 307
List the prime factors of 1117.
1117
What are the prime factors of 1771?
7, 11, 23
What are the prime factors of 286?
2, 11, 13
What are the prime factors of 67923?
3, 7547
What are the prime factors of 2278?
2, 17, 67
What are the prime factors of 1636?
2, 409
What are the prime factors of 30508?
2, 29, 263
List the prime factors of 3274.
2, 1637
List the prime factors of 2455.
5, 491
List the prime factors of 22534.
2, 19, 593
List the prime factors of 4641.
3, 7, 13, 17
What are the prime factors of 1251?
3, 139
What are the prime factors of 111193?
251, 443
List the prime factors of 15079.
17, 887
What are the prime factors of 49499?
49499
What are the prime factors of 34389?
3, 3821
What are the prime factors of 22027?
22027
What are the prime factors of 665?
5, 7, 19
List the prime factors of 137709.
3, 11, 13, 107
List the prime factors of 93030.
2, 3, 5, 7, 443
What are the prime factors of 998?
2, 499
What are the prime factors of 50384?
2, 47, 67
What are the prime factors of 44726?
2, 11, 19, 107
What are the prime factors of 414?
2, 3, 23
List the prime factors of 32070.
2, 3, 5, 1069
List the prime factors of 66237.
3, 22079
List the prime factors of 655.
5, 131
List the prime factors of 4735.
5, 947
What are the prime factors of 3248?
2, 7, 29
List the prime factors of 109274.
2, 11, 4967
List the prime factors of 2795.
5, 13, 43
List the prime factors of 2155.
5, 431
What are the prime factors of 90978?
2, 3, 59, 257
List the prime factors of 29597.
17, 1741
List the prime factors of 7639.
7639
What are the prime factors of 54120?
2, 3, 5, 11, 41
What are the prime factors of 21176?
2, 2647
List the prime factors of 300.
2, 3, 5
What are the prime factors of 11818?
2, 19, 311
What are the prime factors of 57505?
5, 7, 31, 53
What are the prime factors of 12512?
2, 17, 23
List the prime factors of 161903.
7, 101, 229
List the prime factors of 9549.
3, 1061
What are the prime factors of 20193?
3, 53, 127
What are the prime factors of 32243?
19, 1697
What are the prime factors of 20440?
2, 5, 7, 73
What are the prime factors of 1206?
2, 3, 67
What are the prime factors of 2847?
3, 13, 73
List the prime factors of 1377.
3, 17
What are the prime factors of 134420?
2, 5, 11, 13, 47
What are the prime factors of 9366?
2, 3, 7, 223
What are the prime factors of 1310?
2, 5, 